{"id":9966,"date":"2025-10-07T16:58:53","date_gmt":"2025-10-07T14:58:53","guid":{"rendered":"https:\/\/www.oliogeraci.it\/?post_type=product&#038;p=9966"},"modified":"2025-10-07T17:01:24","modified_gmt":"2025-10-07T15:01:24","slug":"geraci-jubilaeumsschuerze","status":"publish","type":"product","link":"https:\/\/www.oliogeraci.it\/de\/prodotto\/geraci-jubilaeumsschuerze\/","title":{"rendered":"Jubil\u00e4umssch\u00fcrze"},"content":{"rendered":"<p>Dispone di 2 tasche adiacenti con una dimensione combinata di 45 x 20 cm e di un&#8217;allacciatura posteriore da 1 metro.<\/p>\n","protected":false},"excerpt":{"rendered":"<div class=\"wpb_text_column wpb_content_element desktop\">\n<div class=\"wpb_wrapper\">\n<div>\n<p>Die Jubil\u00e4umssch\u00fcrze aus <strong>recycelter Baumwolle<\/strong> vereint Funktionalit\u00e4t mit Umweltbewusstsein. Mit zwei Vordertaschen und schlichtem Design ist sie der perfekte Begleiter, um kreativ zu kochen und die authentischen Aromen von Geraci zur Geltung zu bringen.<\/p>\n<p>&nbsp;<\/p>\n<\/div>\n<\/div>\n<\/div>\n","protected":false},"featured_media":9927,"comment_status":"open","ping_status":"closed","template":"","meta":{"_acf_changed":false,"inline_featured_image":false},"product_brand":[],"product_cat":[318,375],"product_tag":[],"class_list":{"0":"post-9966","1":"product","2":"type-product","3":"status-publish","4":"has-post-thumbnail","6":"product_cat-geraci-linie","7":"product_cat-keine-kategorie","8":"pa_linea-geraci-de","10":"first","11":"instock","12":"taxable","13":"shipping-taxable","14":"purchasable","15":"product-type-variable","16":"has-default-attributes","17":"thumb-no-effect","18":"prod-rating-on","19":"prod-has-rating"},"acf":[],"yoast_head":"<!-- This site is optimized with the Yoast SEO plugin v27.2 - https:\/\/yoast.com\/product\/yoast-seo-wordpress\/ -->\n<title>Jubil\u00e4umssch\u00fcrze | Olio Geraci<\/title>\n<meta name=\"description\" content=\"Die Jubil\u00e4umssch\u00fcrze aus recycelter Baumwolle vereint Funktionalit\u00e4t mit Umweltbewusstsein. Mit zwei Vordertaschen und schlichtem Design ist sie der perfekte Begleiter, um kreativ zu kochen und die authentischen Aromen von Geraci zur Geltung zu bringen.\" \/>\n<meta name=\"robots\" content=\"index, follow, max-snippet:-1, max-image-preview:large, max-video-preview:-1\" \/>\n<link rel=\"canonical\" href=\"https:\/\/www.oliogeraci.it\/de\/prodotto\/geraci-jubilaeumsschuerze\/\" \/>\n<meta property=\"og:locale\" content=\"de_DE\" \/>\n<meta property=\"og:type\" content=\"article\" \/>\n<meta property=\"og:title\" content=\"Jubil\u00e4umssch\u00fcrze | Olio Geraci\" \/>\n<meta property=\"og:description\" content=\"Die Jubil\u00e4umssch\u00fcrze aus recycelter Baumwolle vereint Funktionalit\u00e4t mit Umweltbewusstsein. Mit zwei Vordertaschen und schlichtem Design ist sie der perfekte Begleiter, um kreativ zu kochen und die authentischen Aromen von Geraci zur Geltung zu bringen.\" \/>\n<meta property=\"og:url\" content=\"https:\/\/www.oliogeraci.it\/de\/prodotto\/geraci-jubilaeumsschuerze\/\" \/>\n<meta property=\"og:site_name\" content=\"Olio Geraci\" \/>\n<meta property=\"article:publisher\" content=\"https:\/\/www.facebook.com\/OlioGeraci\/\" \/>\n<meta property=\"article:modified_time\" content=\"2025-10-07T15:01:24+00:00\" \/>\n<meta property=\"og:image\" content=\"https:\/\/www.oliogeraci.it\/wp-content\/uploads\/2025\/09\/Grembiule-Centenario-Geraci.png\" \/>\n\t<meta property=\"og:image:width\" content=\"1080\" \/>\n\t<meta property=\"og:image:height\" content=\"1080\" \/>\n\t<meta property=\"og:image:type\" content=\"image\/png\" \/>\n<meta name=\"twitter:card\" content=\"summary_large_image\" \/>\n<meta name=\"twitter:label1\" content=\"Gesch\u00e4tzte Lesezeit\" \/>\n\t<meta name=\"twitter:data1\" content=\"1\u00a0Minute\" \/>\n<script type=\"application\/ld+json\" class=\"yoast-schema-graph\">{\"@context\":\"https:\/\/schema.org\",\"@graph\":[{\"@type\":\"WebPage\",\"@id\":\"https:\/\/www.oliogeraci.it\/de\/prodotto\/geraci-jubilaeumsschuerze\/\",\"url\":\"https:\/\/www.oliogeraci.it\/de\/prodotto\/geraci-jubilaeumsschuerze\/\",\"name\":\"Jubil\u00e4umssch\u00fcrze | Olio Geraci\",\"isPartOf\":{\"@id\":\"https:\/\/www.oliogeraci.it\/de\/#website\"},\"primaryImageOfPage\":{\"@id\":\"https:\/\/www.oliogeraci.it\/de\/prodotto\/geraci-jubilaeumsschuerze\/#primaryimage\"},\"image\":{\"@id\":\"https:\/\/www.oliogeraci.it\/de\/prodotto\/geraci-jubilaeumsschuerze\/#primaryimage\"},\"thumbnailUrl\":\"https:\/\/www.oliogeraci.it\/wp-content\/uploads\/2025\/09\/Grembiule-Centenario-Geraci.png\",\"datePublished\":\"2025-10-07T14:58:53+00:00\",\"dateModified\":\"2025-10-07T15:01:24+00:00\",\"description\":\"Die Jubil\u00e4umssch\u00fcrze aus recycelter Baumwolle vereint Funktionalit\u00e4t mit Umweltbewusstsein. Mit zwei Vordertaschen und schlichtem Design ist sie der perfekte Begleiter, um kreativ zu kochen und die authentischen Aromen von Geraci zur Geltung zu bringen.\",\"breadcrumb\":{\"@id\":\"https:\/\/www.oliogeraci.it\/de\/prodotto\/geraci-jubilaeumsschuerze\/#breadcrumb\"},\"inLanguage\":\"de\",\"potentialAction\":[{\"@type\":\"ReadAction\",\"target\":[\"https:\/\/www.oliogeraci.it\/de\/prodotto\/geraci-jubilaeumsschuerze\/\"]}]},{\"@type\":\"ImageObject\",\"inLanguage\":\"de\",\"@id\":\"https:\/\/www.oliogeraci.it\/de\/prodotto\/geraci-jubilaeumsschuerze\/#primaryimage\",\"url\":\"https:\/\/www.oliogeraci.it\/wp-content\/uploads\/2025\/09\/Grembiule-Centenario-Geraci.png\",\"contentUrl\":\"https:\/\/www.oliogeraci.it\/wp-content\/uploads\/2025\/09\/Grembiule-Centenario-Geraci.png\",\"width\":1080,\"height\":1080},{\"@type\":\"BreadcrumbList\",\"@id\":\"https:\/\/www.oliogeraci.it\/de\/prodotto\/geraci-jubilaeumsschuerze\/#breadcrumb\",\"itemListElement\":[{\"@type\":\"ListItem\",\"position\":1,\"name\":\"Home\",\"item\":\"https:\/\/www.oliogeraci.it\/de\/\"},{\"@type\":\"ListItem\",\"position\":2,\"name\":\"Shop\",\"item\":\"https:\/\/www.oliogeraci.it\/de\/shop-de\/\"},{\"@type\":\"ListItem\",\"position\":3,\"name\":\"Jubil\u00e4umssch\u00fcrze\"}]},{\"@type\":\"WebSite\",\"@id\":\"https:\/\/www.oliogeraci.it\/de\/#website\",\"url\":\"https:\/\/www.oliogeraci.it\/de\/\",\"name\":\"Olio Geraci\",\"description\":\"Olio Extravergine di Oliva dal 1925\",\"publisher\":{\"@id\":\"https:\/\/www.oliogeraci.it\/de\/#organization\"},\"potentialAction\":[{\"@type\":\"SearchAction\",\"target\":{\"@type\":\"EntryPoint\",\"urlTemplate\":\"https:\/\/www.oliogeraci.it\/de\/?s={search_term_string}\"},\"query-input\":{\"@type\":\"PropertyValueSpecification\",\"valueRequired\":true,\"valueName\":\"search_term_string\"}}],\"inLanguage\":\"de\"},{\"@type\":\"Organization\",\"@id\":\"https:\/\/www.oliogeraci.it\/de\/#organization\",\"name\":\"Olio Geraci\",\"url\":\"https:\/\/www.oliogeraci.it\/de\/\",\"logo\":{\"@type\":\"ImageObject\",\"inLanguage\":\"de\",\"@id\":\"https:\/\/www.oliogeraci.it\/de\/#\/schema\/logo\/image\/\",\"url\":\"https:\/\/www.oliogeraci.it\/wp-content\/uploads\/2022\/04\/logo_geraci.svg\",\"contentUrl\":\"https:\/\/www.oliogeraci.it\/wp-content\/uploads\/2022\/04\/logo_geraci.svg\",\"width\":\"1024\",\"height\":\"1024\",\"caption\":\"Olio Geraci\"},\"image\":{\"@id\":\"https:\/\/www.oliogeraci.it\/de\/#\/schema\/logo\/image\/\"},\"sameAs\":[\"https:\/\/www.facebook.com\/OlioGeraci\/\",\"https:\/\/www.instagram.com\/oliogeraci\/\"]}]}<\/script>\n<!-- \/ Yoast SEO plugin. -->","yoast_head_json":{"title":"Jubil\u00e4umssch\u00fcrze | Olio Geraci","description":"Die Jubil\u00e4umssch\u00fcrze aus recycelter Baumwolle vereint Funktionalit\u00e4t mit Umweltbewusstsein. Mit zwei Vordertaschen und schlichtem Design ist sie der perfekte Begleiter, um kreativ zu kochen und die authentischen Aromen von Geraci zur Geltung zu bringen.","robots":{"index":"index","follow":"follow","max-snippet":"max-snippet:-1","max-image-preview":"max-image-preview:large","max-video-preview":"max-video-preview:-1"},"canonical":"https:\/\/www.oliogeraci.it\/de\/prodotto\/geraci-jubilaeumsschuerze\/","og_locale":"de_DE","og_type":"article","og_title":"Jubil\u00e4umssch\u00fcrze | Olio Geraci","og_description":"Die Jubil\u00e4umssch\u00fcrze aus recycelter Baumwolle vereint Funktionalit\u00e4t mit Umweltbewusstsein. Mit zwei Vordertaschen und schlichtem Design ist sie der perfekte Begleiter, um kreativ zu kochen und die authentischen Aromen von Geraci zur Geltung zu bringen.","og_url":"https:\/\/www.oliogeraci.it\/de\/prodotto\/geraci-jubilaeumsschuerze\/","og_site_name":"Olio Geraci","article_publisher":"https:\/\/www.facebook.com\/OlioGeraci\/","article_modified_time":"2025-10-07T15:01:24+00:00","og_image":[{"width":1080,"height":1080,"url":"https:\/\/www.oliogeraci.it\/wp-content\/uploads\/2025\/09\/Grembiule-Centenario-Geraci.png","type":"image\/png"}],"twitter_card":"summary_large_image","twitter_misc":{"Gesch\u00e4tzte Lesezeit":"1\u00a0Minute"},"schema":{"@context":"https:\/\/schema.org","@graph":[{"@type":"WebPage","@id":"https:\/\/www.oliogeraci.it\/de\/prodotto\/geraci-jubilaeumsschuerze\/","url":"https:\/\/www.oliogeraci.it\/de\/prodotto\/geraci-jubilaeumsschuerze\/","name":"Jubil\u00e4umssch\u00fcrze | Olio Geraci","isPartOf":{"@id":"https:\/\/www.oliogeraci.it\/de\/#website"},"primaryImageOfPage":{"@id":"https:\/\/www.oliogeraci.it\/de\/prodotto\/geraci-jubilaeumsschuerze\/#primaryimage"},"image":{"@id":"https:\/\/www.oliogeraci.it\/de\/prodotto\/geraci-jubilaeumsschuerze\/#primaryimage"},"thumbnailUrl":"https:\/\/www.oliogeraci.it\/wp-content\/uploads\/2025\/09\/Grembiule-Centenario-Geraci.png","datePublished":"2025-10-07T14:58:53+00:00","dateModified":"2025-10-07T15:01:24+00:00","description":"Die Jubil\u00e4umssch\u00fcrze aus recycelter Baumwolle vereint Funktionalit\u00e4t mit Umweltbewusstsein. Mit zwei Vordertaschen und schlichtem Design ist sie der perfekte Begleiter, um kreativ zu kochen und die authentischen Aromen von Geraci zur Geltung zu bringen.","breadcrumb":{"@id":"https:\/\/www.oliogeraci.it\/de\/prodotto\/geraci-jubilaeumsschuerze\/#breadcrumb"},"inLanguage":"de","potentialAction":[{"@type":"ReadAction","target":["https:\/\/www.oliogeraci.it\/de\/prodotto\/geraci-jubilaeumsschuerze\/"]}]},{"@type":"ImageObject","inLanguage":"de","@id":"https:\/\/www.oliogeraci.it\/de\/prodotto\/geraci-jubilaeumsschuerze\/#primaryimage","url":"https:\/\/www.oliogeraci.it\/wp-content\/uploads\/2025\/09\/Grembiule-Centenario-Geraci.png","contentUrl":"https:\/\/www.oliogeraci.it\/wp-content\/uploads\/2025\/09\/Grembiule-Centenario-Geraci.png","width":1080,"height":1080},{"@type":"BreadcrumbList","@id":"https:\/\/www.oliogeraci.it\/de\/prodotto\/geraci-jubilaeumsschuerze\/#breadcrumb","itemListElement":[{"@type":"ListItem","position":1,"name":"Home","item":"https:\/\/www.oliogeraci.it\/de\/"},{"@type":"ListItem","position":2,"name":"Shop","item":"https:\/\/www.oliogeraci.it\/de\/shop-de\/"},{"@type":"ListItem","position":3,"name":"Jubil\u00e4umssch\u00fcrze"}]},{"@type":"WebSite","@id":"https:\/\/www.oliogeraci.it\/de\/#website","url":"https:\/\/www.oliogeraci.it\/de\/","name":"Olio Geraci","description":"Olio Extravergine di Oliva dal 1925","publisher":{"@id":"https:\/\/www.oliogeraci.it\/de\/#organization"},"potentialAction":[{"@type":"SearchAction","target":{"@type":"EntryPoint","urlTemplate":"https:\/\/www.oliogeraci.it\/de\/?s={search_term_string}"},"query-input":{"@type":"PropertyValueSpecification","valueRequired":true,"valueName":"search_term_string"}}],"inLanguage":"de"},{"@type":"Organization","@id":"https:\/\/www.oliogeraci.it\/de\/#organization","name":"Olio Geraci","url":"https:\/\/www.oliogeraci.it\/de\/","logo":{"@type":"ImageObject","inLanguage":"de","@id":"https:\/\/www.oliogeraci.it\/de\/#\/schema\/logo\/image\/","url":"https:\/\/www.oliogeraci.it\/wp-content\/uploads\/2022\/04\/logo_geraci.svg","contentUrl":"https:\/\/www.oliogeraci.it\/wp-content\/uploads\/2022\/04\/logo_geraci.svg","width":"1024","height":"1024","caption":"Olio Geraci"},"image":{"@id":"https:\/\/www.oliogeraci.it\/de\/#\/schema\/logo\/image\/"},"sameAs":["https:\/\/www.facebook.com\/OlioGeraci\/","https:\/\/www.instagram.com\/oliogeraci\/"]}]}},"_links":{"self":[{"href":"https:\/\/www.oliogeraci.it\/de\/wp-json\/wp\/v2\/product\/9966","targetHints":{"allow":["GET"]}}],"collection":[{"href":"https:\/\/www.oliogeraci.it\/de\/wp-json\/wp\/v2\/product"}],"about":[{"href":"https:\/\/www.oliogeraci.it\/de\/wp-json\/wp\/v2\/types\/product"}],"replies":[{"embeddable":true,"href":"https:\/\/www.oliogeraci.it\/de\/wp-json\/wp\/v2\/comments?post=9966"}],"wp:featuredmedia":[{"embeddable":true,"href":"https:\/\/www.oliogeraci.it\/de\/wp-json\/wp\/v2\/media\/9927"}],"wp:attachment":[{"href":"https:\/\/www.oliogeraci.it\/de\/wp-json\/wp\/v2\/media?parent=9966"}],"wp:term":[{"taxonomy":"product_brand","embeddable":true,"href":"https:\/\/www.oliogeraci.it\/de\/wp-json\/wp\/v2\/product_brand?post=9966"},{"taxonomy":"product_cat","embeddable":true,"href":"https:\/\/www.oliogeraci.it\/de\/wp-json\/wp\/v2\/product_cat?post=9966"},{"taxonomy":"product_tag","embeddable":true,"href":"https:\/\/www.oliogeraci.it\/de\/wp-json\/wp\/v2\/product_tag?post=9966"}],"curies":[{"name":"wp","href":"https:\/\/api.w.org\/{rel}","templated":true}]}}

Jubiläumsschürze

<div class="wpb_text_column wpb_content_element desktop">
<div class="wpb_wrapper">
<div>
<p>Die Jubiläumsschürze aus <strong>recycelter Baumwolle</strong> vereint Funktionalität mit Umweltbewusstsein. Mit zwei Vordertaschen und schlichtem Design ist sie der perfekte Begleiter, um kreativ zu kochen und die authentischen Aromen von Geraci zur Geltung zu bringen.</p>
<p>&nbsp;</p>
</div>
</div>
</div>

<!-- This site is optimized with the Yoast SEO plugin v27.2 - https://yoast.com/product/yoast-seo-wordpress/ -->
<title>Jubiläumsschürze | Olio Geraci</title>
<meta name="description" content="Die Jubiläumsschürze aus recycelter Baumwolle vereint Funktionalität mit Umweltbewusstsein. Mit zwei Vordertaschen und schlichtem Design ist sie der perfekte Begleiter, um kreativ zu kochen und die authentischen Aromen von Geraci zur Geltung zu bringen." />
<meta name="robots" content="index, follow, max-snippet:-1, max-image-preview:large, max-video-preview:-1" />
<link rel="canonical" href="https://www.oliogeraci.it/de/prodotto/geraci-jubilaeumsschuerze/" />
<meta property="og:locale" content="de_DE" />
<meta property="og:type" content="article" />
<meta property="og:title" content="Jubiläumsschürze | Olio Geraci" />
<meta property="og:description" content="Die Jubiläumsschürze aus recycelter Baumwolle vereint Funktionalität mit Umweltbewusstsein. Mit zwei Vordertaschen und schlichtem Design ist sie der perfekte Begleiter, um kreativ zu kochen und die authentischen Aromen von Geraci zur Geltung zu bringen." />
<meta property="og:url" content="https://www.oliogeraci.it/de/prodotto/geraci-jubilaeumsschuerze/" />
<meta property="og:site_name" content="Olio Geraci" />
<meta property="article:publisher" content="https://www.facebook.com/OlioGeraci/" />
<meta property="article:modified_time" content="2025-10-07T15:01:24+00:00" />
<meta property="og:image" content="https://www.oliogeraci.it/wp-content/uploads/2025/09/Grembiule-Centenario-Geraci.png" />
	<meta property="og:image:width" content="1080" />
	<meta property="og:image:height" content="1080" />
	<meta property="og:image:type" content="image/png" />
<meta name="twitter:card" content="summary_large_image" />
<meta name="twitter:label1" content="Geschätzte Lesezeit" />
	<meta name="twitter:data1" content="1 Minute" />
<script type="application/ld+json" class="yoast-schema-graph">{"@context":"https://schema.org","@graph":[{"@type":"WebPage","@id":"https://www.oliogeraci.it/de/prodotto/geraci-jubilaeumsschuerze/","url":"https://www.oliogeraci.it/de/prodotto/geraci-jubilaeumsschuerze/","name":"Jubiläumsschürze | Olio Geraci","isPartOf":{"@id":"https://www.oliogeraci.it/de/#website"},"primaryImageOfPage":{"@id":"https://www.oliogeraci.it/de/prodotto/geraci-jubilaeumsschuerze/#primaryimage"},"image":{"@id":"https://www.oliogeraci.it/de/prodotto/geraci-jubilaeumsschuerze/#primaryimage"},"thumbnailUrl":"https://www.oliogeraci.it/wp-content/uploads/2025/09/Grembiule-Centenario-Geraci.png","datePublished":"2025-10-07T14:58:53+00:00","dateModified":"2025-10-07T15:01:24+00:00","description":"Die Jubiläumsschürze aus recycelter Baumwolle vereint Funktionalität mit Umweltbewusstsein. Mit zwei Vordertaschen und schlichtem Design ist sie der perfekte Begleiter, um kreativ zu kochen und die authentischen Aromen von Geraci zur Geltung zu bringen.","breadcrumb":{"@id":"https://www.oliogeraci.it/de/prodotto/geraci-jubilaeumsschuerze/#breadcrumb"},"inLanguage":"de","potentialAction":[{"@type":"ReadAction","target":["https://www.oliogeraci.it/de/prodotto/geraci-jubilaeumsschuerze/"]}]},{"@type":"ImageObject","inLanguage":"de","@id":"https://www.oliogeraci.it/de/prodotto/geraci-jubilaeumsschuerze/#primaryimage","url":"https://www.oliogeraci.it/wp-content/uploads/2025/09/Grembiule-Centenario-Geraci.png","contentUrl":"https://www.oliogeraci.it/wp-content/uploads/2025/09/Grembiule-Centenario-Geraci.png","width":1080,"height":1080},{"@type":"BreadcrumbList","@id":"https://www.oliogeraci.it/de/prodotto/geraci-jubilaeumsschuerze/#breadcrumb","itemListElement":[{"@type":"ListItem","position":1,"name":"Home","item":"https://www.oliogeraci.it/de/"},{"@type":"ListItem","position":2,"name":"Shop","item":"https://www.oliogeraci.it/de/shop-de/"},{"@type":"ListItem","position":3,"name":"Jubiläumsschürze"}]},{"@type":"WebSite","@id":"https://www.oliogeraci.it/de/#website","url":"https://www.oliogeraci.it/de/","name":"Olio Geraci","description":"Olio Extravergine di Oliva dal 1925","publisher":{"@id":"https://www.oliogeraci.it/de/#organization"},"potentialAction":[{"@type":"SearchAction","target":{"@type":"EntryPoint","urlTemplate":"https://www.oliogeraci.it/de/?s={search_term_string}"},"query-input":{"@type":"PropertyValueSpecification","valueRequired":true,"valueName":"search_term_string"}}],"inLanguage":"de"},{"@type":"Organization","@id":"https://www.oliogeraci.it/de/#organization","name":"Olio Geraci","url":"https://www.oliogeraci.it/de/","logo":{"@type":"ImageObject","inLanguage":"de","@id":"https://www.oliogeraci.it/de/#/schema/logo/image/","url":"https://www.oliogeraci.it/wp-content/uploads/2022/04/logo_geraci.svg","contentUrl":"https://www.oliogeraci.it/wp-content/uploads/2022/04/logo_geraci.svg","width":"1024","height":"1024","caption":"Olio Geraci"},"image":{"@id":"https://www.oliogeraci.it/de/#/schema/logo/image/"},"sameAs":["https://www.facebook.com/OlioGeraci/","https://www.instagram.com/oliogeraci/"]}]}</script>
<!-- / Yoast SEO plugin. -->

Jubiläumsschürze | Olio Geraci

Die Jubiläumsschürze aus recycelter Baumwolle vereint Funktionalität mit Umweltbewusstsein. Mit zwei Vordertaschen und schlichtem Design ist sie der perfekte Begleiter, um kreativ zu kochen und die authentischen Aromen von Geraci zur Geltung zu bringen.
